30?
-53635
In base 14, what is -4 - -16227?
16223
In base 5, what is -43222044 + -4?
-43222103
In base 15, what is -36aa2 - 2?
-36aa4
In base 10, what is 1976 + 0?
1976
In base 4, what is -1 - -1123112120?
1123112113
In base 11, what is 92 + -8a?
3
In base 13, what is 5 + -8315?
-8310
In base 4, what is 31111233 - 3?
31111230
In base 7, what is -1622561 - 3?
-1622564
In base 14, what is -46 - 327d?
-32c5
In base 15, what is 71989 + -10?
71979
In base 10, what is 5 - -933168?
933173
In base 10, what is -218 + -148?
-366
In base 12, what is 6b - -151a?
1589
In base 9, what is -26 - -714?
677
In base 15, what is -48d69 + 3?
-48d66
In base 10, what is 114190 - 0?
114190
In base 15, what is -1c + 18c65?
18c48
In base 13, what is 88711 - 2?
8870c
In base 11, what is -1 - -13989?
13988
In base 15, what is -2c8 - -1b15?
183c
In base 11, what is -12381 + 33?
-12349
In base 5, what is 2143 + 13341?
21034
In base 11, what is 11 - 54352?
-54341
In base 15, what is 74c + e?
75b
In base 3, what is -2110202 + 2?
-2110200
In base 8, what is 2 - 5320?
-5316
In base 5, what is 342421 + 34?
343010
In base 4, what is 1210103120 + -1?
1210103113
In base 2, what is 1 + -10111100101010?
-10111100101001
In base 2, what is -100 - -1101111010011100110?
1101111010011100010
In base 5, what is 12042 + 322?
12414
In base 4, what is -2131 - 1032200?
-1100331
In base 12, what is -528 - 48?
-574
In base 9, what is -15870 - 113?
-16083
In base 12, what is 126 + -a49?
-923
In base 15, what is 4 + -3a5c?
-3a58
In base 6, what is 32 + 52140?
52212
In base 2, what is -1111100111101000 + 100?
-1111100111100100
In base 13, what is 10 + -1b0c8?
-1b0b8
In base 12, what is -390 - 1a1?
-571
In base 4, what is -10300123 - -210?
-10233313
In base 10, what is -2 - 46991?
-46993
In base 10, what is -96118 + -3?
-96121
In base 6, what is 24222441 - -1?
24222442
In base 4, what is 1322 - 13133?
-11211
In base 6, what is -5 - -10442504?
10442455
In base 2, what is -1000000101101101 - 1000?
-1000000101110101
In base 10, what is -7887 + -484?
-8371
In base 13, what is 385b - 12?
3849
In base 7, what is 0 - 6003?
-6003
In base 13, what is -330 - -247?
-b6
In base 10, what is 11 - -20757?
20768
In base 11, what is -23aa82 - 2?
-23aa84
In base 16, what is -638cd - -5?
-638c8
In base 15, what is 519 + 23b?
755
In base 12, what is 23 + 302?
325
In base 5, what is -3 + -300040?
-300043
In base 16, what is 78 + 1270?
12e8
In base 6, what is -2413152 - -2?
-2413150
In base 10, what is -4 - 28503?
-28507
In base 16, what is 4 - 3a604?
-3a600
In base 7, what is -53346 + 215?
-53131
In base 11, what is -174 - -1642?
1479
In base 7, what is -53502 - 5?
-53510
In base 15, what is -7e836 + 0?
-7e836
In base 2, what is 0 + 11011011?
11011011
In base 16, what is b07 - 20?
ae7
In base 10, what is -4601 - 17?
-4618
In base 7, what is 1212 - 141?
1041
In base 13, what is -1 - 9808a?
-9808b
In base 5, what is -1431104 + 3?
-1431101
In base 10, what is -96692 + 1?
-96691
In base 2, what is -1001101000 - -1101011110?
11110110
In base 6, what is 2 - 14525412?
-14525410
In base 10, what is -47840 + -21?
-47861
In base 11, what is -3a6214 - 1?
-3a6215
In base 16, what is -1d - -119f?
1182
In base 4, what is -12023 + -30?
-12113
In base 10, what is -25070 + -7?
-25077
In base 14, what is 8a7 + aa8?
1571
In base 9, what is -112 - 238?
-351
In base 7, what is 256 - -536?
1125
In base 15, what is -3 - -32a?
327
In base 2, what is 1101101101010 - -11110?
1101110001000
In base 4, what is -10112 + 1002111?
331333
In base 3, what is 21102200 - -1020?
21110220
In base 4, what is -1 - 331301210?
-331301211
In base 5, what is 1441 - -4220?
11211
In base 3, what is 111211011 - 22120?
111111121
In base 5, what is 220 + -1421420?
-1421200
In base 14, what is cc68 + -11?
cc57
In base 12, what is -1b - 488?
-4a7
In base 9, what is -1 - -13734?
13733
In base 12, what is -94b6 + -a?
-9504
In base 9, what is 766612 - -2?
766614
In base 15, what is 13 - -1c5d9?
1c5ec
In base 13, what is -61c4 - 2c?
-6223
In base 16, what is -1d494 + b?
-1d489
In base 3, what is -1210111 - -12100?
-1121011
In base 12, what is 1161 - 4?
1159
In base 2, what is 1010000 + 1010100011?
1011110011
In base 7, what is -2420014 + -1?
-2420015
In base 10, what is 85 - 1001?
-916
In base 11, what is -32693 + -3?
-32696
In base 16, what is ef + 9?
f8
In base 6, what is 501215 + 2?
501221
In base 3, what is -2011 - 10011010?
-10020021
In base 12, what is 1 - 1171?
-1170
In base 5, what is 10 + 3103002?
3103012
In base 12, what is 13162 - -9?
1316b
In base 10, what is -107 + -959?
-1066
In base 4, what is -21212 - 2?
-21220
In base 11, what is -5 + -9922?
-9927
In base 5, what is 1021 - 301?
220
In base 3, what is -121 - 1100110021?
-1100110212
In base 5, what is 131001411 + 4?
131001420
In base 6, what is -22001 + -3?
-22004
In base 2, what is 10000001011010000111 + -101?
10000001011010000010
In base 15, what is -8 - 24d?
-256
In base 10, what is -2249 + -164?
-2413
In base 16, what is -7ab + -cd?
-878
In base 2, what is 11001001001011010 - 101?
11001001001010101
In base 9, what is 0 + 38677?
38677
In base 16, what is 28cb9 + 5?
28cbe
In base 3, what is 211 + -22020122?
-22012211
In base 8, what is 10732 - 221?
10511
In base 10, what is -110 + 15?
-95
In base 14, what is -1493b - -7?
-14934
In base 3, what is 1122221121 + 2?
1122221200
In base 4, what is -31210302 - 0?
-31210302
In base 10, what is 1074 + -1649?
-575
In base 5, what is -333423 - 4?
-333432
In base 6, what is 201400 + -3?
201353
In base 7, what is 256310 - -3?
256313
In base 6, what is -2222345 - 2?
-2222351
In base 8, what is 3 + -14030?
-14025
In base 3, what is 11 + 100200220002?
100200220020
In base 4, what is -1301 + -232110?
-300011
In base 9, what is -123 + 20041?
18817
In base 14, what is -1b7ab - -4?
-1b7a7
In base 11, what is 4 + 411612?
411616
In base 12, what is 2057 + -18?
203b
In base 8, what is 0 - 52161?
-52161
In base 14, what is 0 - -781c2?
781c2
In base 13, what is -17a + 798?
61b
In base 5, what is 3043104 - -23?
3043132
In base 5, what is -10 + 1301214?
1301204
In base 11, what is 1 - -29112?
29113
In base 10, what is 1525886 + -5?
1525881
In base 14, what is -190 - 97b?
-b2b
In base 7, what is 1 + 611405?
611406
In base 4, what is 2033 + -13320?
-11221
In base 8, what is 12 + -116570?
-116556
In base 2, what is -11000100110101101 - -11?
-11000100110101010
In base 12, what is -119b3 + -1?
-119b4
In base 4, what is 3 + 123121?
123130
In base 6, what is 0 - 31134?
-31134
In base 16, what is -75 + -53?
-c8
In base 5, what is -23 - -21204003?
21203430
In base 13, what is -15 - -977?
962
In base 3, what is 12002 + 2022010?
2111012
In base 11, what is 3 - -308538?
308540
In base 7, what is -335 + 132442?
132104
In base 13, what is -362a + 0?
-362a
In base 6, what is 2300 + -223?
2033
In base 9, what is -223123 + 3?
-223120
In base 4, what is -1 + 1022322?
1022321
In base 4, what is 2220 - -2020?
10300
In base 6, what is 5 + -4544113?
-4544104
In base 7, what is -335 - -110230?
106562
In base 5, what is 21211 - 2123?
14033
In base 3, what is 2020210 + 101?
2021011
In base 10, what is -23539 + 123?
-23416
In base 5, what is -40 + -4112?
-4202
In base 9, what is -254 + 280?
25
In base 3, what is 11 - -221000100?
221000111
In base 6, what is 53430 + -15?
53411
In base 12, what is -76 - -7718?
7662
In base 10, what is 2 - 37127?
-37125
In base 15, what is 40 - 8a2?
-862
In base 9, what is -118 - -10472?
10353
In base 6, what is -241 + -2024?
-2305
In base 16, what is -127 + 8?
-11f
In base 11, what is 6 + -1820?
-1815
In base 2, what is 110111 - -10101001100000?
10101010010111
In base 2, what is -1000111011110101101 + 10?
-1000111011110101011
In base 12, what is -7257 - 6?
-7261
In base 10, what is 28 - -15783?
15811
In base 13, what is -38 - 873?
-8ab
In base 13, what is 158 - c16?
-a8b
In base 10, what is -2705 + 17?
-2688
In base 12, what is -7 - -197b6?
197ab
In base 3, what is 0 - -1101221022?
1101221022
In base 9, what is 82 - -11?
103
In base 5, what is 3 - 322222244?
-322222241
In base 15, what is c01 + -38?
bb8
In base 10, what is -28 + -2491?
-2519
In base 12, what is -4 - 1a9b?
-1aa3
In base 13, what is -3 - c5549?
-c554c
In base 16, what is 92b9 + -f?
92aa
In base 15, what is 1